on divisor of q and 6?
6
Suppose 2*p + 5*l - 34 = -p, 4*p = -2*l + 22. Let r be 72/10*(p + 7). Let z be 8*2 - (0 - 2). What is the greatest common factor of r and z?
18
Suppose 0 = -3*l + n + 71, 4*l - 65 = 3*n + 38. Calculate the highest common divisor of l and 33.
11
Let x(g) = -10*g**3 + g**2 + g. Let j be x(-1). Suppose 3*n = 2*n. Let y = 4 - n. Calculate the highest common factor of y and j.
2
Let v be 130 + (3 - 2)*2. What is the highest common factor of v and 12?
12
Let x(k) = 3*k - 6. Let o be x(11). Let c(l) = 2*l**2 - 2*l - 3. Let i be c(3). What is the greatest common factor of o and i?
9
Let d = -98 - -118. What is the highest common factor of d and 100?
20
Suppose 3*w + 3*q - 63 = 0, -7 + 55 = 2*w + 4*q. Calculate the highest common divisor of 6 and w.
6
Let y = 512 - 53. Suppose y = 3*j - 4*t, j + t = 3*j - 306. Calculate the highest common factor of 17 and j.
17
Let z = 725 - 487. What is the greatest common factor of 34 and z?
34
Let m be (-3 - (0 + -22))*5. What is the highest common divisor of m and 19?
19
Let a(v) = -6*v + 7. Let m be a(-7). Let z(q) be the first derivative of q**2 - 3*q + 3. Let k be z(5). What is the highest common factor of m and k?
7
Let x be (-1)/(1/(-98)) - 2. Let b(f) = 11*f**3 + f**2 + 2*f - 2. Let r be b(1). Calculate the highest common factor of x and r.
12
Let d be (-36)/(-30)*375/6. Calculate the highest common factor of d and 30.
15
Let i be -16*2/4*-2. Calculate the greatest common factor of i and 16.
16
Let y = 20 + -10. Suppose -2*r + 40 = 3*r. Let k = -6 + r. Calculate the greatest common factor of y and k.
2
Let i = -19 - 5. Let q = -13 - i. Calculate the greatest common divisor of 33 and q.
11
Let u be (2 - 7/4)*4. What is the greatest common divisor of 1 and u?
1
Suppose -2*b - b + 6 = 0. Let r be 1 - -45 - 2/b. What is the greatest common divisor of 15 and r?
15
Let o = 22 + -12. Suppose 3*j + 21 = -0*j. Let c = o + j. What is the highest common factor of 1 and c?
1
Let y(k) = -k**3 - 20*k**2 + 65*k - 29. Let b be y(-23). Calculate the greatest common factor of b and 84.
21
Let m(g) = -g**2 + 5*g - 4. Let h be m(4). Suppose w - 12 = -q, 2*w = -h*w + q + 36. Let s = 28 - w. What is the highest common divisor of s and 36?
12
Let c = 19 - 15. Calculate the greatest common factor of c and 4.
4
Let d(j) = -1 - 3 - 9*j + 7*j. Let v be d(-8). Calculate the highest common factor of v and 6.
6
Let p(o) = -o**2 + 28*o + 21. Let b be p(23). Calculate the highest common divisor of b and 17.
17
Suppose 4*y + 131 = -2*o + 7*o, 0 = 4*o - 4*y - 104. Let z be (o/3)/(1 - 0). Calculate the highest common factor of z and 36.
9
Let u = 270 + -160. Suppose 4*q + 43 = -x, -5*q - 44 - 141 = 5*x. Let k = -25 - x. What is the greatest common divisor of u and k?
10
Let l = 10 + -7. Suppose 0 = -5*h - 2*p + 15, h - l*p = -3*h - 11. Calculate the greatest common divisor of h and 3.
1
Let s(a) = a**3 + 7*a**2 + 5*a - 1. Let b be s(-6). Suppose 11 - 56 = -b*x. What is the highest common divisor of 45 and x?
9
Let k be -13*(-12)/4 - 0. Suppose -q - k = -4*q. What is the highest common divisor of q and 52?
13
Let y be 2/(-6) + 7/3. Let z be (55/10)/(y/4). Calculate the highest common divisor of 88 and z.
11
Let d(s) = s**2 - 5*s + 7. Let j be d(5). Suppose -3*n - 264 = -j*n. Calculate the highest common divisor of 6 and n.
6
Let m be 1 - 1 - (-20 - -2). Suppose -3*b + m = -12. What is the greatest common factor of b and 80?
10
Suppose -5*q + 735 = -1080. Calculate the highest common factor of 33 and q.
33
Let c(i) = 2*i + 2. Let p be c(7). Suppose 0*l + p = l. What is the greatest common factor of l and 144?
16
Let g = 175 + -22. Calculate the highest common divisor of g and 17.
17
Let d = 213 - 142. Suppose 0 = 5*n - d - 369. Calculate the highest common divisor of n and 8.
8
Suppose -5 = -h - 3*a, -h - 2 + 1 = 5*a. Calculate the greatest common divisor of h and 70.
14
Suppose -3*a = 12, -3*i + 22 = -5*a - 7. Suppose 2*h + 5*g - 36 = -13, -4*h + 7 = -i*g. Suppose 3*m + m - h = 0. What is the greatest common factor of m and 2?
1
Let l be 3 + (0 + -1 - -4). Let i be (0 - 5)*396/(-30). What is the highest common factor of i and l?
6
Let h(o) = 4*o. Let i be h(1). Suppose -5*t + 7*d + 6 = 3*d, -7 = -i*t + d. Suppose -3*u = -u - 44. What is the highest common divisor of u and t?
2
Let a be -3 + 1 + 16 - 2. Suppose -2*n + 5 = 13. Let c = 0 - n. Calculate the greatest common divisor of c and a.
4
Suppose 0 = -q - 8 + 62. Suppose -3*o + 186 = q. Suppose -4*s = -6*s + o. What is the highest common factor of s and 242?
22
Let v = -59 - -86. Let b = v + -19. Let s be 3*(-6)/27*-96. Calculate the highest common factor of s and b.
8
Suppose 2*x - 24 = -x. Let m be x/12 + 116/6. What is the greatest common divisor of 50 and m?
10
Let x(i) = i + 1. Let o be x(9). What is the greatest common factor of 20 and o?
10
Suppose -5*m = 4*i - 86, 2*i + 2*i = -2*m + 44. Let t = -93 - -163. Let k be (32/5)/(4/t). Calculate the greatest common factor of m and k.
14
Let h be 1/(1 + (-18)/21). What is the highest common factor of 77 and h?
7
Let y(j) = j**3 + 3*j**2 - 3*j + 1. Let b be y(-4). Let k be 2/(b - (-50)/16). Calculate the greatest common factor of k and 80.
16
Suppose 4 = l - 5. Suppose 8*z + 8 = l*z. What is the highest common factor of z and 88?
8
Suppose 5*l = 4*t - 2, 3*l + 12 = -2*t - t. Let s = t - -9. What is the highest common factor of s and 7?
7
Let d be (6/(-5))/(-1 - (-9)/15). Suppose 11 - 46 = -5*i. Suppose 2*s - d*o - i = 3, 0 = -4*s - o + 34. Calculate the highest common factor of 20 and s.
4
Let p(t) = -t**3 - 2*t**2 - 2*t. Let n be p(-2). Suppose -366 = 5*j - 2*j. Let o = -82 - j. Calculate the greatest common divisor of o and n.
4
Suppose 4*f = 4*w - 12, w - f + 1 = 4*f. What is the highest common divisor of w and 4?
4
Let o be 26 + -2 + 6/(-2). What is the greatest common divisor of 21 and o?
21
Let h be (-384)/20 + (-2)/(-10). Let x = 27 + h. Calculate the greatest common factor of x and 72.
8
Suppose 0 = -6*h + 3*h + 9. Suppose h*i - 2 = 10. What is the highest common divisor of 6 and i?
2
Let s(l) = 2*l**2 + 9*l. Let n be s(-6). Let c(d) = d**3 + 15*d**2 + 20*d + 12. Let h be c(-13). Calculate the greatest common factor of h and n.
18
Suppose 0 = 3*z - 2*z + 4*r - 14, 1 = 2*z - r. Suppose -z*p + 10 = -2. Calculate the greatest common divisor of p and 48.
6
Let b(v) = v - 4. Let r = 9 + -2. Let y be b(r). Suppose g - 160 = -y*g. Calculate the highest common divisor of 16 and g.
8
Suppose c - 13 = 8. Calculate the highest common divisor of 42 and c.
21
Let w(a) = -a**3 - 3*a**2 - 5*a - 2. Let x be w(-3). Let g = -11 - -18. Suppose -3*h - g = -85. What is the highest common divisor of h and x?
13
Let z(c) = c**3 - 5*c**2 + 5*c - 6. Let t be z(4). Let k = 8 - t. Let p(x) = x**2 + 7*x + 6. Let s be p(-11). Calculate the greatest common divisor of k and s.
10
Suppose 12 = -3*c, -3*c = 4*n - 9*n + 67. Calculate the highest common factor of 99 and n.
11
Suppose -8 = -3*m + 1. Suppose -h = -m - 10. Let t = 0 + h. Calculate the greatest common factor of 65 and t.
13
Let d = -5 - -19. Let x be (-540)/21 + (-4)/d. Let j be 4/14 + x/(-7). Calculate the highest common divisor of 4 and j.
4
Let b(s) = -6*s + 2. Let o be b(-7). Suppose -m = -4, 2*t - 4*t + m = -o. Let r be (20 - 0)*(-2)/(-5). Calculate the greatest common factor of r and t.
8
Let f = 46 - 18. What is the highest common divisor of f and 56?
28
Suppose -2*z - 62 = -4*z. What is the highest common divisor of 155 and z?
31
Suppose -3*x + 16 = -101. Calculate the highest common factor of 13 and x.
13
Let b(f) = -f**2 - f - 4. Let n be b(3). Let h = 20 - n. What is the greatest common divisor of 54 and h?
18
Suppose u + 0*u = -4*w + 127, -w = 5*u - 27. Calculate the highest common divisor of 16 and w.
16
Let t(s) = s**2 - 2*s + 5. Suppose -2*f - 8 = -4*f. Let c be t(f). Suppose 2*w = -3*r + 21, -5 = -r + 3*w + c. Calculate the highest common divisor of 1 and r.
1
Suppose -5*l + o = -o + 31, -4*l - 17 = o. Let q(c) = -c**2 + 3*c - 16*c - 2 + 6*c + 1. Let t be q(l). What is the greatest common divisor of 63 and t?
9
Let o(u) = 5*u - 20. Let d be o(6). Calculate the highest common factor of 50 and d.
10
Let s(m) = 52*m**2 - m + 1. Let p be s(1). Suppose b + b = p. Cal